{"id":84,"date":"2020-10-27T12:01:18","date_gmt":"2020-10-27T18:01:18","guid":{"rendered":"https:\/\/vodint.com\/?post_type=product&#038;p=84"},"modified":"2026-04-14T19:59:37","modified_gmt":"2026-04-15T01:59:37","slug":"prime-video","status":"publish","type":"product","link":"https:\/\/vodint.com\/index.php\/producto\/prime-video\/","title":{"rendered":"Prime Video"},"content":{"rendered":"<p>Amazon Prime Video es uno de los servicios exclusivos a los que accedes al tener la suscripci\u00f3n Prime de Amazon. Es una plataforma de streaming al m\u00e1s puro estilo Netflix o HBO, con contenidos exclusivos en formato serie, documental, pel\u00edcula o programa.<\/p>\n<p>Asimismo, una membres\u00eda no tiene mucho sentido si no es compatible con tus dispositivos. Amazon Prime Video es compatible con una amplia variedad de dispositivos y plataformas, incluidos navegadores web, Roku, Apple TV, dispositivos Fire TV y Fire de Amazon, iOS, Android, Xbox One, Xbox 360, Xbox Series X, PlayStation 3, 4, 5, Nintendo Wii U, Witch, varios modelos de reproductores de Blu-ray y televisores inteligentes, adem\u00e1s del Chromecast y el Chromecast Ultra de Google.<\/p>\n<p>*Tu tendr\u00e1s derecho a un perfil personalizado con tu nombre para ver tu contenido.<\/p>\n<p>*No olvides que es un dispositivo a la vez para reproducir.<\/p>\n","protected":false},"excerpt":{"rendered":"<p><strong>Prime Video<\/strong>, tambi\u00e9n comercializado como Amazon Prime Video, es un servicio de v\u00eddeos disponible en streaming, creado y gestionado por Amazon.com. La plataforma ofrece miles de t\u00edtulos sin coste adicional a la afiliaci\u00f3n mensual.<\/p>\n","protected":false},"featured_media":826,"template":"","meta":[],"product_brand":[],"product_cat":[19],"product_tag":[29,30,31],"class_list":{"0":"post-84","1":"product","2":"type-product","3":"status-publish","4":"has-post-thumbnail","6":"product_cat-suscripciones","7":"product_tag-amazon","8":"product_tag-prime","9":"product_tag-video","11":"first","12":"instock","13":"sale","14":"virtual","15":"taxable","16":"purchasable","17":"product-type-simple"},"_links":{"self":[{"href":"https:\/\/vodint.com\/index.php\/wp-json\/wp\/v2\/product\/84","targetHints":{"allow":["GET"]}}],"collection":[{"href":"https:\/\/vodint.com\/index.php\/wp-json\/wp\/v2\/product"}],"about":[{"href":"https:\/\/vodint.com\/index.php\/wp-json\/wp\/v2\/types\/product"}],"wp:featuredmedia":[{"embeddable":true,"href":"https:\/\/vodint.com\/index.php\/wp-json\/wp\/v2\/media\/826"}],"wp:attachment":[{"href":"https:\/\/vodint.com\/index.php\/wp-json\/wp\/v2\/media?parent=84"}],"wp:term":[{"taxonomy":"product_brand","embeddable":true,"href":"https:\/\/vodint.com\/index.php\/wp-json\/wp\/v2\/product_brand?post=84"},{"taxonomy":"product_cat","embeddable":true,"href":"https:\/\/vodint.com\/index.php\/wp-json\/wp\/v2\/product_cat?post=84"},{"taxonomy":"product_tag","embeddable":true,"href":"https:\/\/vodint.com\/index.php\/wp-json\/wp\/v2\/product_tag?post=84"}],"curies":[{"name":"wp","href":"https:\/\/api.w.org\/{rel}","templated":true}]}}