{"id":811,"date":"2024-09-24T16:51:40","date_gmt":"2024-09-24T22:51:40","guid":{"rendered":"https:\/\/vodint.com\/?post_type=product&#038;p=811"},"modified":"2026-04-18T14:26:22","modified_gmt":"2026-04-18T20:26:22","slug":"netflix-privada","status":"publish","type":"product","link":"https:\/\/vodint.com\/index.php\/producto\/netflix-privada\/","title":{"rendered":"Netflix (Cuenta Privada)"},"content":{"rendered":"<blockquote>\n<p style=\"text-align: center;\"><strong>Netflix &#8211; Privada<\/strong><\/p>\n<\/blockquote>\n<p>Netflix es una plataforma de streaming que ofrece una amplia variedad de contenido, como series, pel\u00edculas, documentales y programas originales. Puedes acceder a su cat\u00e1logo bajo demanda mediante una suscripci\u00f3n mensual, sin anuncios y en m\u00faltiples dispositivos.<\/p>\n","protected":false},"excerpt":{"rendered":"<p><strong>Netflix<\/strong> es un servicio de streaming que ofrece una gran variedad de pel\u00edculas, series y documentales; Todo lo que quieras ver, sin l\u00edmites ni comerciales, a un costo muy accesible.<\/p>\n","protected":false},"featured_media":812,"template":"","meta":[],"product_brand":[],"product_cat":[19],"product_tag":[23,20,22,21],"class_list":{"0":"post-811","1":"product","2":"type-product","3":"status-publish","4":"has-post-thumbnail","6":"product_cat-suscripciones","7":"product_tag-documentales","8":"product_tag-netflix","9":"product_tag-peliculas","10":"product_tag-series","12":"first","13":"instock","14":"sale","15":"virtual","16":"taxable","17":"purchasable","18":"product-type-simple"},"_links":{"self":[{"href":"https:\/\/vodint.com\/index.php\/wp-json\/wp\/v2\/product\/811","targetHints":{"allow":["GET"]}}],"collection":[{"href":"https:\/\/vodint.com\/index.php\/wp-json\/wp\/v2\/product"}],"about":[{"href":"https:\/\/vodint.com\/index.php\/wp-json\/wp\/v2\/types\/product"}],"wp:featuredmedia":[{"embeddable":true,"href":"https:\/\/vodint.com\/index.php\/wp-json\/wp\/v2\/media\/812"}],"wp:attachment":[{"href":"https:\/\/vodint.com\/index.php\/wp-json\/wp\/v2\/media?parent=811"}],"wp:term":[{"taxonomy":"product_brand","embeddable":true,"href":"https:\/\/vodint.com\/index.php\/wp-json\/wp\/v2\/product_brand?post=811"},{"taxonomy":"product_cat","embeddable":true,"href":"https:\/\/vodint.com\/index.php\/wp-json\/wp\/v2\/product_cat?post=811"},{"taxonomy":"product_tag","embeddable":true,"href":"https:\/\/vodint.com\/index.php\/wp-json\/wp\/v2\/product_tag?post=811"}],"curies":[{"name":"wp","href":"https:\/\/api.w.org\/{rel}","templated":true}]}}