{"id":68,"date":"2020-10-27T10:53:54","date_gmt":"2020-10-27T16:53:54","guid":{"rendered":"https:\/\/vodint.com\/?post_type=product&#038;p=68"},"modified":"2026-04-16T10:55:43","modified_gmt":"2026-04-16T16:55:43","slug":"youtube-premium","status":"publish","type":"product","link":"https:\/\/vodint.com\/index.php\/producto\/youtube-premium\/","title":{"rendered":"YouTube Premium"},"content":{"rendered":"<p>YouTube Premium es un servicio basado en suscripci\u00f3n que agrega varias funciones a la experiencia b\u00e1sica de YouTube. A diferencia de Spotify o Apple Music, no es una plataforma de transmisi\u00f3n de m\u00fasica dedicada, sino que, m\u00e1s bien, es una oferta multifac\u00e9tica que cuenta con una serie de grandes beneficios para mejorar tu experiencia, incluyendo la transmisi\u00f3n de YouTube sin anuncios y el acceso al servicio de streaming de Spotify de Google, llamado YouTube Music; Asimismo, tendr\u00e1s el Netflix de Google con acceso a la biblioteca completa del contenido de YouTube Originals.<\/p>\n<p>\u00bfDeber\u00edas tenerlo?<\/p>\n<p>Es un hecho que s\u00ed, vale la pena la suscripci\u00f3n por este precio tan bajo, ya que tienes tres beneficios por una sola suscripci\u00f3n.<\/p>\n","protected":false},"excerpt":{"rendered":"<p>Videos sin interrupciones<br \/>\nMira videos sin anuncios y disfr\u00fatalos mientras usas otras apps o tienes la pantalla bloqueada.<\/p>\n<p>Descargas<br \/>\nGuarda los videos para cuando realmente los necesites, como cuando viajas en avi\u00f3n o vas al trabajo.<\/p>\n<p>YouTube Music Premium<br \/>\nDescarga la nueva app de m\u00fasica y disfruta sin interrupciones.<\/p>\n","protected":false},"featured_media":679,"template":"","meta":[],"product_brand":[],"product_cat":[19],"product_tag":[26,27,25,24],"class_list":{"0":"post-68","1":"product","2":"type-product","3":"status-publish","4":"has-post-thumbnail","6":"product_cat-suscripciones","7":"product_tag-music","8":"product_tag-originals","9":"product_tag-premium","10":"product_tag-youtube","12":"first","13":"instock","14":"sale","15":"virtual","16":"taxable","17":"purchasable","18":"product-type-simple"},"_links":{"self":[{"href":"https:\/\/vodint.com\/index.php\/wp-json\/wp\/v2\/product\/68","targetHints":{"allow":["GET"]}}],"collection":[{"href":"https:\/\/vodint.com\/index.php\/wp-json\/wp\/v2\/product"}],"about":[{"href":"https:\/\/vodint.com\/index.php\/wp-json\/wp\/v2\/types\/product"}],"wp:featuredmedia":[{"embeddable":true,"href":"https:\/\/vodint.com\/index.php\/wp-json\/wp\/v2\/media\/679"}],"wp:attachment":[{"href":"https:\/\/vodint.com\/index.php\/wp-json\/wp\/v2\/media?parent=68"}],"wp:term":[{"taxonomy":"product_brand","embeddable":true,"href":"https:\/\/vodint.com\/index.php\/wp-json\/wp\/v2\/product_brand?post=68"},{"taxonomy":"product_cat","embeddable":true,"href":"https:\/\/vodint.com\/index.php\/wp-json\/wp\/v2\/product_cat?post=68"},{"taxonomy":"product_tag","embeddable":true,"href":"https:\/\/vodint.com\/index.php\/wp-json\/wp\/v2\/product_tag?post=68"}],"curies":[{"name":"wp","href":"https:\/\/api.w.org\/{rel}","templated":true}]}}